e hundred millions digit of 134025646?
1
What is the ten millions digit of 6347907891?
4
What is the units digit of 534406976?
6
What is the ten millions digit of 76997369?
7
What is the tens digit of 87628040?
4
What is the millions digit of 49657634?
9
What is the hundreds digit of 1113942045?
0
What is the ten millions digit of 90640197?
9
What is the thousands digit of 357905345?
5
What is the hundred millions digit of 340758171?
3
What is the units digit of 1260810548?
8
What is the tens digit of 3487116242?
4
What is the ten millions digit of 56725422?
5
What is the units digit of 155119999?
9
What is the hundreds digit of 2085500970?
9
What is the ten millions digit of 71245889?
7
What is the hundred millions digit of 906277486?
9
What is the hundred millions digit of 2646284619?
6
What is the hundred thousands digit of 162090784?
0
What is the tens digit of 313126988?
8
What is the hundreds digit of 3257166486?
4
What is the millions digit of 905172207?
5
What is the tens digit of 176642272?
7
What is the billions digit of 1896503164?
1
What is the millions digit of 112666654?
2
What is the units digit of 2689672557?
7
What is the millions digit of 61644152?
1
What is the thousands digit of 13616200?
6
What is the tens digit of 97046833?
3
What is the hundreds digit of 21191587?
5
What is the hundreds digit of 1846914302?
3
What is the hundred millions digit of 283970957?
2
What is the tens digit of 264999508?
0
What is the hundred millions digit of 100014857?
1
What is the hundreds digit of 119748939?
9
What is the ten millions digit of 48847366?
4
What is the tens digit of 434397750?
5
What is the thousands digit of 1844642110?
2
What is the thousands digit of 19700638?
0
What is the ten millions digit of 41551758?
4
What is the ten millions digit of 112152253?
1
What is the tens digit of 34780027?
2
What is the units digit of 207989912?
2
What is the hundred thousands digit of 1729018712?
0
What is the hundreds digit of 1301145857?
8
What is the millions digit of 19605232?
9
What is the millions digit of 206437483?
6
What is the ten millions digit of 2638810298?
3
What is the hundred thousands digit of 2676556603?
5
What is the hundred thousands digit of 1982382587?
3
What is the units digit of 2404119265?
5
What is the hundred thousands digit of 33068774?
0
What is the hundreds digit of 995233368?
3
What is the ten millions digit of 10127519?
1
What is the tens digit of 2321695591?
9
What is the units digit of 1396841261?
1
What is the millions digit of 32569122?
2
What is the tens digit of 42305762?
6
What is the thousands digit of 73136543?
6
What is the thousands digit of 2615204695?
4
What is the hundred millions digit of 2417794721?
4
What is the ten millions digit of 342381820?
4
What is the hundred millions digit of 122183631?
1
What is the units digit of 3737996951?
1
What is the ten thousands digit of 65222638?
2
What is the units digit of 1316466924?
4
What is the units digit of 85722078?
8
What is the tens digit of 1355558522?
2
What is the ten millions digit of 53044062?
5
What is the thousands digit of 974258085?
8
What is the hundreds digit of 75065939?
9
What is the hundred millions digit of 300228981?
3
What is the hundreds digit of 723681820?
8
What is the millions digit of 586434431?
6
What is the ten millions digit of 42782783?
4
What is the units digit of 956995125?
5
What is the ten millions digit of 404517730?
0
What is the billions digit of 1062280829?
1
What is the ten thousands digit of 120320941?
2
What is the ten thousands digit of 1102030856?
3
What is the millions digit of 11956681?
1
What is the millions digit of 216884314?
6
What is the hundred thousands digit of 45697957?
6
What is the tens digit of 132797104?
0
What is the thousands digit of 1598357?
8
What is the billions digit of 8066664457?
8
What is the hundreds digit of 193944168?
1
What is the millions digit of 6270605020?
0
What is the millions digit of 16744538?
6
What is the ten thousands digit of 34605280?
0
What is the ten millions digit of 1613184328?
1
What is the billions digit of 2929516191?
2
What is the tens digit of 450656735?
3
What is the ten thousands digit of 19931542?
3
What is the units digit of 56789405?
5
What is the thousands digit of 11262487?
2
What is the thousands digit of 2407807431?
7
What is the ten millions digit of 4645491265?
4
What is the ten millions digit of 2182455042?
8
What is the hundred thousands digit of 193805573?
8
What is the hundreds digit of 4131342538?
5
What is the tens digit of 5038086?
8
What is the units digit of 162150828?
8
What is the hundreds digit of 267149638?
6
What is the hundred thousands digit of 5427749683?
7
What is the thousands digit of 798892707?
2
What is the hundreds digit of 21062303?
3
What is the ten millions digit of 106099088?
0
What is the hundred thousands digit of 1464316354?
3
What is the millions digit of 37505193?
7
What is the hundred millions digit of 8223729813?
2
What is the ten thousands digit of 4414483763?
8
What is the ten thousands digit of 119826575?
2
What is the units digit of 1329856177?
7
What is the thousands digit of 1674484?
4
What is the units digit of 141976496?
6
What is the millions digit of 91724713?
1
What is the millions digit of 1220975348?
0
What is the hundreds digit of 1282453?
4
What is the ten millions digit of 111983305?
1
What is the tens digit of 229589114?
1
What is the tens digit of 1201380425?
2
What is the tens digit of 37167437?
3
What is the tens digit of 230582606?
0
What is the ten thousands digit of 125193031?
9
What is the thousands digit of 65839006?
9
What is the hundred millions digit of 161722674?
1
What is the hundreds digit of 91363555?
5
What is the ten thousands digit of 67005339?
0
What is the thousands digit of 993261?
3
What is the ten millions digit of 152452653?
5
What is the hundred thousands digit of 53723683?
7
What is the ten thousands digit of 32658987?
5
What is the ten millions digit of 59464009?
5
What is the hundreds digit of 20612766?
7
What is the units digit of 55915935?
5
What is the units digit of 23948807?
7
What is the millions digit of 35580610?
5
What is the ten millions digit of 36075338?
3
What is the thousands digit of 479558524?
8
What is the ten thousands digit of 3258929043?
2
What is the ten millions digit of 1237421638?
3
What is the hundreds digit of 43736643?
6
What is the thousands digit of 1465793598?
3
What is the millions digit of 56417738?
6
What is the thousands digit of 4181683330?
3
What is the hundred thousands digit of 5532136455?
1
What is the thousands digit of 43279365?
9
What is the hundred thousands digit of 88514121?
5
What is the hundred thousands digit of 17931698?
9
What is the ten millions digit of 3512566188?
1
What is the thousands digit of 1066432884?
2
What is the millions digit of 469639828?
9
What is the ten thousands digit of 151604866?
0
What is the thousands digit of 935105613?
5
What is the thousands digit of 31009892?
9
What is the hundred thousands digit of 1496322890?
3
What is the tens digit of 820539179?
7
What is the hundreds digit of 4481889323?
3
What is the units digit of 4487085453?
3
What is the ten millions digit of 49714466?
4
What is the thousands digit of 168002978?
2
What is the ten thousands digit of 282502640?
0
What is the hundred thousands digit of 373881757?
8
What is the ten millions digit of 56913742?
5
What is the ten thousands digit of 48383682?
8
What is the hundred millions digit of 203789453?
2
What is the hundreds digit of 201508852?
8
What is the thousands digit of 1126548379?
8
What is the hundred thousands digit of 8100655182?
6
What is the millions digit of 250991452?
0
What is the ten thousands digit of 49886297?
8
What is the tens digit of 60608221?
2
What is the hundred thousands digit of 2019642230?
6
What is the hundred thousands digit of 608766446?
7
What is the ten thousands digit of 1719004505?
0
What is the hundreds digit of 1402018649?
6
What is the hundred millions digit of 164889678?
1
What is the thousands digit of 160778497?
8
What is the millions digit of 2928131027?
8
What is the hundreds digit of 385036176?
1
What is the tens digit of 53087218?
1
What is the hundreds digit of 2837663425?
4
What is the